5 - -429)
31
-9 + -4 - -9 - 17 - -7
-14
What is the value of 6 - -9 - (7 - 10) - -12?
30
Evaluate 1 - (12 - 27 - -11).
5
What is the value of -8 - -10 - (21 + -5)?
-14
Calculate 10 - (3 + 10 - -10 - 3).
-10
Calculate 1 - (-9 + (12 - 5)) - -12.
15
What is (-4 + -10 - 0 - -33) + (0 - 3)?
16
What is the value of (-10 - (-32 - -16)) + 9 + 0?
15
Calculate -2 + 10 + -19 - (11 - 6).
-16
Calculate 3 + -66 + 122 + -78.
-19
2 + (-10 - -7) - (-98 - -119)
-22
-199 + 221 + (-39 - 1)
-18
11 + 2 + 164 + -172
5
What is (15 + 16 - 34) + 10 + 0 + 1?
8
What is the value of 9 + (-12 - -18 - (0 + (36 - -5)))?
-26
Evaluate -7 + -1 + (34 - 11) + -10 - 15.
-10
-3 - -21 - 3 - 4
11
What is -39 - ((-36 - -55) + -56)?
-2
What is 2 + (-4 - -5) - (10 + -8)?
1
What is 0 + 0 + 2 - (-63 + 21 + 23)?
21
What is the value of 2 - (-4 + 1 + (2 - -12) + -16)?
7
Evaluate 8 + 0 + (7 - 0) + 103 + -100.
18
Calculate 2 - 24 - (-5 + (5 - 4)).
-18
What is the value of 5 + 9 + -14 + -4?
-4
-1 + -8 + (-137 - -143) + -22
-25
Evaluate -5 + -6 + 0 + 16.
5
What is the value of -21 - (28 - (38 - -36))?
25
Calculate 14 + (7 + -13 - 8).
0
What is the value of 55 + -35 + -15 + -19?
-14
What is the value of -17 + 2 + 30 + -63 + 32?
-16
What is 0 + 33 - (31 - 5)?
7
What is the value of -7 + (15 - 15) + (8 - 2)?
-1
2 + -1 - ((-9 - -16 - 18) + 0)
12
What is the value of 5 + (-21 - -13) - -39 - 14?
22
What is (-4 + 4 - -29) + -24?
5
What is the value of (-12 + 6 - -8) + -4 + -7 + -18?
-27
-2 + (24 - -2) - 11
13
Calculate 2 + -2 - (5 - (1 + 7)).
3
-15 - (1 + 0) - (-38 - -43 - 11)
-10
What is the value of 9 - (11 + -1 + -14)?
13
Calculate 32 + (29 - 31 - 6).
24
What is -25 + -13 + 26 - (-20 - -2)?
6
Calculate 25 + 23 + (-28 - 7).
13
What is the value of (3 - (-16 - -11)) + 3 + -2 + 3?
12
What is (-5 - (-7 + 16 - 11)) + 15?
12
Calculate 15 - ((-17 - -5) + 17).
10
Calculate -10 - (-10 - 2 - -5).
-3
(-12 - (12 + -9)) + 24
9
Calculate (13 - 14 - 3) + (-3 - 1) - -34.
26
7 + 2 - (8 + -3 - 5 - 3)
12
(15 - (11 + -9 + 8)) + -4
1
Evaluate (0 - 12) + (20 - -6 - 21).
-7
What is (-39 - (-11 - 23)) + 17 + -1?
11
11 + 1 + 2 + -4 + 3
13
Evaluate 5 + 4 + (-23 - (-13 + -12)).
11
Evaluate 7 - ((15 - 12) + (-1 + 4 - -1)).
0
(-8 - 1 - (-2 + -1) - -3) + 9
6
4 - (0 - 22 - (41 + -49)) - 4
14
Evaluate -14 - (-6 + (-11 - -12)).
-9
What is the value of (3 - 0) + (-32 - 33 - -76)?
14
9 - (14 + 19 + -32 - (-32 - 0))
-24
What is the value of 0 + 3 - 2 - (155 - 145)?
-9
Calculate 0 + -16 - (31 + -51).
4
Evaluate (0 - (10 - 3)) + -3 + 27.
17
What is -177 - -176 - (3 + -1 + -12)?
9
Calculate -2 + 10 + -3 + -4.
1
1 + (13 - (-6 + 5))
15
What is 4 + (-4 - -25) - (10 + -2)?
17
Evaluate (0 - -6 - 11) + 10 - 6.
-1
Evaluate 3 - 12 - (3 + -53 + 19).
22
-41 - (-30 - (-14 + -3))
-28
What is (8 + -2 - -4) + -5 + -19?
-14
What is the value of 10 + -18 + 14 + 3 + (-3 - 0)?
6
Calculate -13 - ((5 + -14 - 6) + 21).
-19
Evaluate 13 + -21 - (-4 + -9 + 18).
-13
What is -13 - (59 - 70 - (2 - 11 - -3))?
-8
What is (6 - 2 - 28) + 21?
-3
Evaluate 10 - 1 - (47 + -94 + 39).
17
(1 - -2) + -4 - (-2 + 2 + -1)
0
What is (-17 - -2) + -40 + 63?
8
What is (-2 - 14) + (-15 - -18 - 3)?
-16
Calculate -3 + -8 - (-84 + 46).
27
What is -2 + 8 - (45 + -48) - 6?
3
16 + -2 - (2 - (23 + -9))
26
What is the value of (9 - (10 - -3)) + -8?
-12
What is the value of -208 - -223 - (1 + -1)?
15
What is the value of 3 - 6 - (0 + -4 - (-6 + 0))?
-5
What is the value of (-3 - 14) + 26 + (1 - 2) + 0?
8
What is (4 + 2 - (27 - 26)) + -7?
-2
What is -307 + 295 + 26 + 2 - 40?
-24
(-8 - 2) + (109 - 121) - -3
-19
What is the value of -3 - (-35 + 37 + -5)?
0
Calculate -13 + (38 - 6) + 4.
23
What is (1 - (-4 - -6)) + 1 + -2?
-2
What is (38 - 21) + 6 + -21?
2
What is the value of 3 + -4 - -1 - 11 - (-3 - 2)?
-6
What is the value of -7 + (-4 - -3) + (-13 - -31 - 13)?
-3
What is the value of -5 + 2 + -1 + 24 + (-59 - -34)?
-5
What is the value of (21 - 47) + 24 + -6?
-8
-5 + ((1 - 0) + -11 + 6 - -3)
-6
37 + -3 - (27 - (-9 - -28))
26
Evaluate (77 - 105) + (6 - -15).
-7
Calculate 3 - 8 - (11 - 6 - 12).
2
31 + (-85 - -35) + 24
5
Calculate -64 + 32 + -4 - -59.
23
What is 1 + 5 + -5 + 0 + 13?
14
What is the value of (33 - (0 - 4)) + -28?
9
Evaluate -5 + 10 - 11 - (-15 - (-7 + 3)).
5
(5 - 10) + 3 + 6 + -1 - -6
9
What is 25 + (23 - 43) + (0 + -33 - -2)?
-26
What is (12 - 20) + -2 + -2 + (-5 - 1)?
-18
What is the value of -34 + 57 + -26 + 14?
11
What is -2 - (11 + -12 + -10 + (22 - 8))?
-5
What is 11 + (7 + (-4 - (2 + -6)) - 12)?
6
Evaluate (-10 - 7) + 4 + -1 + 23.
9
Evaluate -16 + (30 - (11 - -11)).
-8
Calculate 3 - (12 + 5 + -25 + 0 + 4).
7
Calculate (-4 - 1) + (188 - 179) - (0 - -7).
-3
What is -6 + (9 - (-2 + 6) - 9) + 12?
2
9 + (16 - (28 + -9) - -2)
8
Calculate -11 + 2 + 4 + -5 + 8.
-2
Calculate -167 - -162 - (-11 - -1).
5
Evaluate 0 - 5 - (4 - 3) - (2 - 9).
1
Calculate 18 + -11 - (2 + 3).
2
Calculate 2 + 4 - (-45 - -51).
0
-7 - -3 - ((6 - 20) + 3)
7
-19 + (5 - -2) - -9
-3
What is the value of -134 + 129 + 24 + -3?
16
19 + -37 + (-27 - -54)
9
What is the value of -9 + 1 + (2 - 14 - (-62 + 37))?
5
What is the value of 0 + -13 + -203 + 217?
1
(-12 - (3 - 18)) + 6
9
Calculate (27 - (10 + 10)) + (-2 - -10).
15
What is 19 - ((35 - -11) + -26)?
-1
12 + -15 + 16 + -16 + 12
9
-1 - 26 - (344 + -372)
1
What is 132 + -117 - 37 - (2 + -1 + -6)?
-17
Evaluate (122 - 99) + (-3 - 11).
9
Calculate 18 - (-8 + (-9 - -23) - -4) - 24.
-16
Evaluate -2 + (-4 - -1) + -1 - -3 - -15.
12
What is the value of -20 + 30 + -16 + -5?
-11
Calculate 1 - 2 - (323 - 314).
-10
-8 + (19 - (22 + -18))
7
What is 28 + -18 + 6 - 14?
2
What is the value of -6 + (10 - -16) + 2?
22
Calculate -13 + -1 + 3 + -64 + 58.
-17
Calculate -37 + (22 - (-20 - -24)).
-19
Calculate -3 - (-9 - -1) - (3 - (1 + -18)).
-15
-6 + (27 + -30 - (-8 - 1))
0
What is the value of (-229 - -221) + (-13 - (-4 + 2))?
-19
Calculate 2 + (-32 - -7 - -9).
-14
Calculate 4 + (-17 + -5 - -5).
-13
What is -1 + 9 + (27 - 26)?
9
(-14 + -5 - -7) + 24
12
Evaluate 9 + -4 + (-15 - -14) + -11.
-7
56 - (36 - -38 - 37)
19
Evaluate 1 - 7 - (-51 + 41) - (13 + 1).
-10
Evaluate 546 + -535 - (17 - -1).
-7
Evaluate -10 + (0 - 2) + 58 + -50 - -3.
-1
Evaluate (49 - (-21 - -47)) + (2 - 3 - -2).
24
What is the value of 5 + (-6 - 9) + 7 + (-1 - 9)?
-13
Evaluate -5 - (-1 + (13 - 11) + 4 - 21).
11
What is -674 + 712 + (-25 - -2)?
15
What is the value of -3 + 17 + -8 + -12?
-6
Calculate -10 + 8 + 4 + -2.
0
-10 + (-1 - -2) - -9 - 0
0
-1 + 3 - -1 - (7 - 2)
-2
What is -58 + 7 - (-69 + 47)?
-29
What is -8 + -18 + 26 + 1?
1
What is the value of 0 + 5 + (14 - (11 + 17)) - 4?
-13
Evaluate 1 - 22 - (101 - 113).
-9
What is the value of -33 - (6 + -20) - -1?
-18
(-449 - -461) + -1 + -2
9
20 + 1 + (-1065 - -1046)
2
Evaluate 5 + (18 - (-13 + 29)).
7
Calculate 5 + 14 + -6 - (13 + -3) - -20.
23
22 - 17 - (10 - 14)
9
100 + -99 - (-7 - 1)
9
What is the value of -9 + (15 - (4 + 8) - 1)?
-7
What is the value of (-4 - (-3 - -5) - -14) + (4 - -2)?
14
What is -7 + (3 - (-3 - ((1 - -7) + 0)))?
7
What is the value of -8 + 15 - (-6 + (-4 - -2 - 0))?
15
Evaluate -4 - 16 - (-9 - 6).
-5
Evaluate -18 - (-14 + 16 + -12).
-8
What is the value of 10 + -3 + -6 + 0 + 6 - -2?
9
Calculate 41 - (12 - 2) - 54.
-23
Calculate -29 + 12 - (7 + (4 - 8) + 0).
-20
What is 2 - (-14 - 7) - 21?
2
Evaluate -7 - (46 + -39 + 1 + 2).
-17
What is the value of -10 + 17 + -5 + -17?
-15
1 - 58 - (2591 + -2631)
-17
Calculate -15 - (-1 - 14 - -8) - (-23 + 3).
12
Evaluate 141 + -167 + 1 + 23.
-2
Evaluate 42 + -8 - (-4 + (5 - 1) + 6).
28
Calculate (-82 + 32 - -39) + (-16 - -2).
-25
What is the value of -6 + (3 - (12 + -6 - (2 + -5)))?
-12
Evaluate (-8 - -5) + (-1 - -8) + 11 + -8.
7
What is the value of 78 + (-21 - 2) + -25?
30
-3 + (-9 - -9) + (10 - (14 + -17))
10
What is the value of 7 + -4 + -6 - (9 + -2)?
-10
(-48 - -48) + (10 - 2)
8
What is -22 - (-30 + 2) - (2 + -2)?
6
What is the value of (7 - 4) + 2 + (8 - 13) - 3?
-3
Calculate -8 + (1 + (0 - -24) - (-2 - -9)).
10
Evaluate (21 - -9) + -10 + -10.
10
What is the value of (-9 + 13 - -7) + (-1 - 1 - 3)?
6
Evaluate -8 + 11 + (-35 - -23).
-9
What is the value of -25 + (-12 - (-14 - -10 - 6)) + 4?
-23
Evaluate -42 - -60 - (17 - (-8 - -15)).
8
(387 - 395) + 2 + 0
-6
Calculate 351 + -353 - (1 - 1).
-2
What is (